 5*v = t*v + 4. Calculate the remainder when 3/((-203)/14 + 16) is divided by v.
0
Let o(l) = -l**3 + 16*l**2 + 2*l + 29. Suppose 0 = 3*c - 2*m + 4, 15 = -c - 4*c + 5*m. Let a = c - -14. Calculate the remainder when o(a) is divided by 17.
10
Suppose 30 = -0*k - k. Let v = -12 - k. Suppose 93*h + 74*h + 20*h = 1122. What is the remainder when v is divided by h?
0
Let t be (-13)/(-13)*0*2/(-2). Let a(q) = q**3 + 2*q**2 - 3*q - 18. Let g be a(t). Let h = 41 + g. Calculate the remainder when h is divided by 5.
3
Suppose -y - 8*y = -13527. Suppose 68*p = 71*p - y. Calculate the remainder when p is divided by 36.
33
Let f be 19/4 + 13/52. Let y = f - 0. Suppose 0 = y*a + 2 - 52. Calculate the remainder when 37 is divided by a.
7
Let f(m) = -m**3 + 5*m**2 + 5*m + 18. Let b(n) = -29*n - 96. Calculate the remainder when b(-4) is divided by f(6).
8
Let m = -5185 - -5417. What is the remainder when 500 is divided by m?
36
Suppose -7*y - 1141 = -14*y. Let q = y + -148. What is the remainder when 43 is divided by q?
13
Let r(u) = -u**2 + 5*u - 20. Let v be r(11). Let q = 126 + v. Let s = 63 - q. Calculate the remainder when 112 is divided by s.
20
Let j(b) be the first derivative of -7*b**4 - 11*b**3/3 - 7*b**2 - 2*b + 237. Calculate the remainder when 87 is divided by j(-1).
0
Let y = 203 - 186. Suppose 2*z + 5*w = 253, -3*z = w - 403 + y. Calculate the remainder when z is divided by 17.
10
Let o = -5815 + 5859. Calculate the remainder when 346 is divided by o.
38
Let m = 91 + -55. Let u = m + -45. Let p(d) = -d**3 - 9*d**2 - 8*d - 18. Calculate the remainder when p(u) is divided by 29.
25
Let m be 1/(3/21*-1). Let j be m/(-2) - (9/(-6))/1. Suppose 4*a + 57 = j*a. Calculate the remainder when a is divided by 15.
12
Suppose 2197 = 5*b + 4*l, -217 = -2*b + 2*l + 633. What is the remainder when b is divided by 25?
8
Let d(v) be the first derivative of 187*v**2 - 2*v + 16. Calculate the remainder when d(1) is divided by 15.
12
Calculate the remainder when (-4)/(56/(-9250)) + 4/14 is divided by 222.
217
Suppose -171*y + 4982 = -1516. Calculate the remainder when 2620 is divided by y.
36
Suppose -10 = 2*t - 190. Let h = t + -92. What is the remainder when 58 is divided by h*(-4)/(-12)*-15?
8
Let k = -64 + 110. Suppose g + 1 = 137. Let u = g + -124. What is the remainder when k is divided by u?
10
Let b = -20441 + 20455. What is the remainder when 544 is divided by b?
12
Let g(j) = 2*j**3 - 51*j**2 - 28*j + 59. Let l(u) = 2*u - 1. Let r be l(2). Let i = r - -2. What is the remainder when g(26) is divided by i?
2
Let i(m) = m**2 - 6*m + 12. Suppose 0 = c + 4*d + 6, -5 = -5*c - d + 22. Let b = 162 + -116. What is the remainder when b is divided by i(c)?
10
Suppose 83*t - 7*t + 6935 = 191083. What is the remainder when t is divided by 18?
11
Let n(s) = -s**2 + 11*s - 23. Let m be n(10). Let o = m + 9. Let w(g) = -g**2 - 6*g - 2. Calculate the remainder when 41 is divided by w(o).
5
Suppose 23*v - 1735 = 519. Let p(m) = -m - 3. Let r be p(-5). Suppose -r*a - 3*y + 36 = -12, 2*y + v = 3*a. Calculate the remainder when a is divided by 18.
12
Let v(a) = a**2 - 2*a - 37. Let l be v(-6). Suppose -l*f = -157 - 8. Let g = 71 - 28. Calculate the remainder when g is divided by f.
13
Suppose -3*z = -5*k + k + 430, 3*k - 3*z - 324 = 0. Let h(o) = o**2 - 9*o - 4. Calculate the remainder when k is divided by h(-4).
10
What is the remainder when 20017 is divided by (((-88)/12)/((-250)/150))/(2/10)?
19
Let t be 1 - -3 - (3 - (-6 - -40)). Let d be (118/6)/(t/(-42) - -1). Suppose 2*x - d = 20. Calculate the remainder when x is divided by 25.
19
Let m(h) be the third derivative of 3*h**4/4 - 10*h**3/3 + 16*h**2. Let p be m(-9). What is the remainder when 3/(-6) - p/4 is divided by 23?
22
Suppose -2*s = s + 5*y - 216, 5*s + y - 360 = 0. Suppose 0 = -4*t + 2*p + s, -p - 3 + 1 = 0. Calculate the remainder when 46 is divided by t.
12
Let b(k) = -4*k**2 + 235*k + 2230. Suppose 229 = -2*t + 907. What is the remainder when t is divided by b(67)?
16
Let h(u) = 13*u + 477. What is the remainder when h(2) is divided by 90?
53
Let t(l) = l**2 - 40*l - 43. Let u(w) = 3*w**2 - 118*w - 131. Let p(r) = 8*t(r) - 3*u(r). What is the remainder when p(26) is divided by 10?
7
Let s = -266 - -269. Suppose -5*p + 18 = v, v - 8*p + s*p = 8. What is the remainder when v is divided by 9?
4
Let o(y) = -3*y**2 - 125*y - 203. What is the remainder when o(-14) is divided by 26?
23
Let i = 6148 - 6130. Calculate the remainder when 3129 is divided by i.
15
Suppose -244*j + 9 = -247*j. Calculate the remainder when 21/2*(4/j - -8) is divided by 15.
10
Suppose 272*w + 6883 = 276*w + 5*d, 0 = 3*w + 4*d - 5162. Calculate the remainder when w is divided by 108.
102
Suppose -5*c - 5*m = -367 - 793, -5*m - 752 = -3*c. What is the remainder when 26767 is divided by c?
238
Let p(x) = -5*x**3 - 4*x**2 + 10*x - 5. Let h be p(2). Let i = 50 - h. Suppose -26 = -2*w + w. What is the remainder when i is divided by w?
13
Suppose 0 = 12*m - 10*m - 5*v - 145, -5*m - 2*v = -319. Let s(c) = -c - 6. Calculate the remainder when m is divided by s(-20).
9
Suppose 0 = -7*r + 136 + 109. Suppose 79*s - 74*s = 1915. What is the remainder when s is divided by r?
33
Let u(f) = -51*f + 1493. What is the remainder when 1659 is divided by u(29)?
7
What is the remainder when 358 + (30 - 27)/(3/(-9)) is divided by 170?
9
Suppose -a + 148 = 2*h, 4*a - 3*h - 798 + 217 = 0. Calculate the remainder when 577 is divided by a.
139
Suppose -5*v - 30845 = -5*c, -12 = -3*v + 3. What is the remainder when c is divided by 65?
64
Let t = 1293 - 983. What is the remainder when t is divided by 122?
66
Let g be 72/10*40/6. Suppose g*n = 42*n + 348. Calculate the remainder when 225 is divided by n.
51
Let d = -978 + 789. Calculate the remainder when (1 - 2)/(3/d) is divided by (16/(-10))/((-1)/20).
31
Let c(x) = 3*x + 150. Let m be c(-6). Suppose 206*r = 210*r - m. What is the remainder when 116 is divided by r?
17
Suppose 0 = 2*p + 3*c + 1700, 4*p = 6*p - c + 1716. Let k = -793 - p. Calculate the remainder when 125 is divided by k.
62
Calculate the remainder when ((-400)/300)/(2/(-939)) is divided by 204.
14
Let f = -957 - -1434. Let c = 26477 - 26447. What is the remainder when f is divided by c?
27
Let g(m) = -138*m**3 + m + 1. What is the remainder when g(-1) is divided by ((-20)/(-3)*1 - 0)/((-58)/(-174))?
18
Let f = 105 + -43. Let g = -279 - -335. Let q = f - g. What is the remainder when 23 is divided by q?
5
Suppose u - l + 5 + 66 = 0, 0 = -4*u + 5*l - 286. Suppose 56 = o + 57, 2*g = -2*o - 194. Let h = u - g. What is the remainder when 52 is divided by h?
25
Suppose 486 = 126*d - 121*d + a, 2*d - 212 = 4*a. What is the remainder when 800 is divided by d?
16
Let u = 182 + -173. What is the remainder when 39 is divided by (-84)/(-18)*u/2?
18
Suppose 13*s - 35*s - 880 = 0. Suppose -t - 4*d = -9, t = -0*t + 3*d + 9. Calculate the remainder when (-16)/s - (-213)/5 is divided by t.
7
Let o(g) = -g**2 + 2*g + 3. Let w be o(-3). Suppose 0 = -14*t + 24*t - 50. Calculate the remainder when w/8 + 38/4 is divided by t.
3
Let q be (-3)/(32/(-6) - -5). Suppose -16*i - 168 = -q*i. Calculate the remainder when 8/i - 5/((-45)/1866) is divided by 53.
48
Suppose 2*s + 6 = 0, -5*m - 3*s = -2*s - 3102. Suppose 0 = -2*q - 55 + m. What is the remainder when q is divided by 41?
37
What is the remainder when 772 is divided by -2 - -1 - (224 - 234)?
7
Let r(w) = 5*w**2 + 144*w + 2191. Calculate the remainder when r(-18) is divided by 95.
79
Let c(l) = 4*l**2 - 116*l - 920. What is the remainder when c(-29) is divided by 10?
8
Let k(j) = 2*j**2 - 16*j - 183. Calculate the remainder when 6242 is divided by k(-7).
5
Suppose 4*i + 64 = -48. Let a = i + 53. Suppose 4*l + 9*l - 923 = 0. Calculate the remainder when l is divided by a.
21
Suppose 82 = -3*p + 3*t + 358, -4*p + 368 = 5*t. Calculate the remainder when 199 is divided by p.
15
Suppose 5*x - 3*y - 1400 = 0, -y - 549 = -2*x - 2*y. Suppose 39*g - 17*g - 644 = -g. Calculate the remainder when x is divided by g.
25
Let v(l) be the third derivative of l**4/12 + 23*l**3/6 + 58*l**2. Suppose 0*q + 5*q - 50 = 0. Calculate the remainder when v(-2) is divided by q.
9
Suppose -12*i - 36 + 96 = 0. Suppose 0 = i*w + 3*f - 26, 0*w = -5*w